{"id":11,"date":"2017-03-20T11:50:43","date_gmt":"2017-03-20T10:50:43","guid":{"rendered":"http:\/\/www.drawup.at\/?page_id=11"},"modified":"2024-08-28T08:50:14","modified_gmt":"2024-08-28T06:50:14","slug":"ein-startseiten-abschnitt","status":"publish","type":"page","link":"https:\/\/www.drawup.at\/?page_id=11","title":{"rendered":"Dienstleistungen"},"content":{"rendered":"<ul>\n<li>Gestaltung und Ausf\u00fchrung von Websites und Webapps<\/li>\n<li>kosteng\u00fcnstige \u00dcberarbeitung von bestehenden Websites<\/li>\n<li>WordPress, Joomla, Typo3, und \u00e4hnliche<\/li>\n<li>Programmierung von Javascript, C++ Software<\/li>\n<li>Buchungssysteme f\u00fcr Vereine, kleine und mittelst\u00e4ndische Unternehmen<\/li>\n<li>Webdesign und Consulting, Google Optimierung<\/li>\n<li>Grafikdienstleistungen (Druckvorlagen, Illustrationen, 3D Modelle, etc)<\/li>\n<li>360\u00b0 Aufnahmen und Luftaufnahmen mittels Drohne<\/li>\n<\/ul>\n<p><!--more--><\/p>\n<p>Falls Sie eine spezielle Anwendung f\u00fcr sich oder Ihren Betrieb ben\u00f6tigen, z\u00f6gern Sie nicht anzufragen. Wir werden in jeden Fall eine ma\u00dfgeschneiderte L\u00f6sung f\u00fcr Sie finden. Wir kommen gerne direkt zu Ihnen, in Ihren Betrieb und beraten Sie gerne. Durch unsere jahrelange Erfahrung bei Webapps, k\u00f6nnen wir auch f\u00fcr Sie etwas passendes entwerfen .<\/p>\n<blockquote><p><span style=\"color: #808080;\">drawup\u00a0 {to\u00a0prepare\u00a0and\u00a0write\u00a0something such as a\u00a0document\u00a0or\u00a0plan}<\/span><\/p><\/blockquote>\n","protected":false},"excerpt":{"rendered":"<p>Gestaltung und Ausf\u00fchrung von Websites und Webapps kosteng\u00fcnstige \u00dcberarbeitung von bestehenden Websites WordPress, Joomla, Typo3, und \u00e4hnliche Programmierung von Javascript, C++ Software Buchungssysteme f\u00fcr Vereine, kleine und mittelst\u00e4ndische Unternehmen Webdesign und Consulting, Google Optimierung Grafikdienstleistungen (Druckvorlagen, Illustrationen, 3D Modelle, etc) 360\u00b0 Aufnahmen und Luftaufnahmen mittels Drohne<\/p>\n","protected":false},"author":1,"featured_media":53,"parent":0,"menu_order":0,"comment_status":"closed","ping_status":"closed","template":"","meta":{"_crdt_document":"","footnotes":""},"class_list":["post-11","page","type-page","status-publish","has-post-thumbnail","hentry"],"_links":{"self":[{"href":"https:\/\/www.drawup.at\/index.php?rest_route=\/wp\/v2\/pages\/11","targetHints":{"allow":["GET"]}}],"collection":[{"href":"https:\/\/www.drawup.at\/index.php?rest_route=\/wp\/v2\/pages"}],"about":[{"href":"https:\/\/www.drawup.at\/index.php?rest_route=\/wp\/v2\/types\/page"}],"author":[{"embeddable":true,"href":"https:\/\/www.drawup.at\/index.php?rest_route=\/wp\/v2\/users\/1"}],"replies":[{"embeddable":true,"href":"https:\/\/www.drawup.at\/index.php?rest_route=%2Fwp%2Fv2%2Fcomments&post=11"}],"version-history":[{"count":23,"href":"https:\/\/www.drawup.at\/index.php?rest_route=\/wp\/v2\/pages\/11\/revisions"}],"predecessor-version":[{"id":388,"href":"https:\/\/www.drawup.at\/index.php?rest_route=\/wp\/v2\/pages\/11\/revisions\/388"}],"wp:featuredmedia":[{"embeddable":true,"href":"https:\/\/www.drawup.at\/index.php?rest_route=\/wp\/v2\/media\/53"}],"wp:attachment":[{"href":"https:\/\/www.drawup.at\/index.php?rest_route=%2Fwp%2Fv2%2Fmedia&parent=11"}],"curies":[{"name":"wp","href":"https:\/\/api.w.org\/{rel}","templated":true}]}}